vative of -20*t - 3*t**2 - 55 - t + 21*t. Calculate s(-2).
12
Let t(k) = -23*k**3 - 84*k**2 - 4*k - 114. Let q(c) = 18*c**3 + 67*c**2 + 3*c + 90. Let n(h) = 14*q(h) + 11*t(h). What is n(14)?
-22
Let f(j) be the second derivative of 1/20*j**5 + 12*j + 2 - 9/2*j**2 + 1/2*j**4 - 1/3*j**3. Give f(-6).
3
Let i(n) = n**2 - n + 1. Let d(t) = -t**2 - 4. Let s(u) = d(u) + 3*i(u). Let p be (-5 - -1)/(-13*(-24)/156). What is s(p)?
13
Let p(k) = k**3 - 19*k**2 + 6*k - 19. Let u(a) = -3*a**3 + 55*a**2 - 19*a + 57. Let o(c) = -17*p(c) - 6*u(c). Determine o(6).
17
Let p be 1*5/(-2 - 3). Let r(z) = z - 1. Let d(b) = -1. Let o(s) = p*r(s) + 3*d(s). Let c = 6 + -2. Determine o(c).
-6
Suppose 5*h + 3*n - 2 = -35, 3 = -h + 3*n. Let c(d) = -46*d**2 - 8*d + 1. Let f(q) = 41*q**2 + 7*q - 1. Let y(j) = h*f(j) - 5*c(j). Give y(1).
-17
Let o(t) = -15*t + 251. Suppose 1584*w = 1585*w + 3*m - 7, 3*w - 60 = 4*m. What is o(w)?
11
Let l(h) = 2*h**2 + 78*h + 78. Let v(s) = 2*s**3 + 12*s**2 + 516*s + 3095. Let g be v(-6). What is l(g)?
2
Let w be 21/6 + 3 + 10/(-4). Let n(x) = x**2 + 9*x - 59. Let k be n(w). Let a(l) be the second derivative of -l**3/6 - 7*l**2 + l. What is a(k)?
-7
Let s(l) = 137*l - 203. Let x(d) = -49*d. Let j(k) = -s(k) - 3*x(k). Give j(-21).
-7
Let z(n) = 550*n + 547*n - 3 + 550*n - 2180*n + 548*n. Give z(2).
27
Let u(w) be the second derivative of w**3/2 - 2*w**2 + 437*w - 10. Let h(d) = 3*d**3 + 2*d - 1. Let m be h(1). Determine u(m).
8
Let w(f) = -f**3 - 9*f**2 + 10*f. Let p(o) = -o**2 - 4*o - 4. Let c = -53 - -51. Let v be p(c). Suppose v = s - 9*s - 80. What is w(s)?
0
Let y(n) = -8 - n**2 - 6*n + 2 + 0*n**2. Let c = -217 - -219. Let k be (3 + 5 + -9)*3*c. Determine y(k).
-6
Let i(n) be the third derivative of 1/60*n**5 + 12*n + 1/6*n**4 + 2*n**2 - 5/6*n**3 + 0. What is i(-5)?
0
Let b be (-2)/(-6) - 4/(-6). Let x(a) = a - 1. Suppose 2807*w + 42 = 2800*w. Let p(o) = o**2 + 3*o - 3. Let n(k) = b*p(k) + w*x(k). Give n(2).
1
Suppose 8*n = -31*n + 195. Let v(b) = -b**3 + 5*b**2 - 4*b - 10. Determine v(n).
-30
Suppose 4*l + 20 = 0, 22*l + 11 = c + 19*l. Let r(o) = -o**2 - 12*o - 25. Calculate r(c).
7
Let q(d) = 5*d + 6. Let s(x) be the first derivative of 4*x**2 - 4*x + 81. Let i be s(0). Give q(i).
-14
Let s be 637/63 + 2/(-18). Suppose -9*j + s = -4*j. Suppose 5*k - 23 = j. Let v(h) = -h**3 + 5*h**2 + 3*h - 6. Give v(k).
9
Let v(h) = -4 + 2*h - 6*h - h**2 + h. Suppose -13 = 2741*a - 2739*a - 5*x, -x = -3*a - 13. Calculate v(a).
-8
Let f be (-8)/(-2) - (-4 - -3). Suppose 2*m - 5 = m - f*s, -5*m - s - 23 = 0. Let p(l) be the third derivative of l**4/24 + l**3/2 - 4*l**2. What is p(m)?
-2
Let k(n) be the third derivative of -11*n**4/24 + 71*n**3/6 + 3*n**2 + 30*n. Let u be k(6). Let f(r) = 3*r + 3. Give f(u).
18
Let n(t) be the first derivative of t**4/4 + 26*t**3/3 - 13*t**2 + 7*t + 5618. What is n(-27)?
-20
Let a be 91 + 116/(-30) + 2/(-15). Suppose -a*v + 83*v + 20 = 0. Let s(x) = x**3 - 6*x**2 + 6*x - 1. Give s(v).
4
Suppose -5*d + 5*r - 13 = 2, 0 = 4*d - r - 3. Let u(y) = -32*y + 59. Let z be u(d). Let w(g) = g**2 + g + 4. What is w(z)?
24
Let c(j) = -j**2 + 5. Suppose 7*s + 127 = 729. Let y = 88 - s. Let f be 4/(-10)*25/5 + y. Calculate c(f).
5
Suppose 3275*m + 102 = -3278*m + 6570*m. Let x(o) = o - 7. Let t(a) = -3*a + 21. Let c(p) = 4*t(p) + 11*x(p). Calculate c(m).
1
Let s(v) = v**2 + 3*v - 1. Let z = -12 + -8. Let u be z/((-4)/3 + 4/12). Suppose -7 = 5*r - 3*n - u, -n = r - 1. Determine s(r).
9
Let s(a) = -7*a + 14. Let k be s(4). Let f = k - -12. Let c be f/(-3) - (-342)/54. Let p(t) = t**3 - 8*t**2 + 9*t - 8. Give p(c).
6
Let z(t) = -32*t - 2. Let m(o) = 246*o + 15. Let g(q) = 6*m(q) + 46*z(q). Calculate g(-2).
-10
Let z(w) = -20944*w**2 + 3 - 34*w + 10477*w**2 + 10469*w**2 + 1 + 4*w. Calculate z(14).
-24
Suppose 2*p - b - 3 = 0, -19*b + 15*b = -12. Suppose 5*x + 3 = -2*f - 0, f = -2*x. Let m(w) = -4 + f - 1 - 3*w. Calculate m(p).
-8
Let d(f) = -3*f**2 - 43*f**3 - 2*f + 92*f**3 - 2 - 36*f**3 - 30*f**3 - 2*f. Determine d(-1).
16
Let y(k) be the first derivative of k**7/840 - k**6/72 - 7*k**5/120 + 3*k**4/8 - 9*k**3 + 3*k + 58. Let g(x) be the third derivative of y(x). Give g(6).
3
Let h(v) = -v - 2. Suppose 0 = -3*b + 3*z + 12, -5*z + 16 = 1. Suppose -5 = -b*o - 26. Calculate h(o).
1
Let w be (1/2)/(-6 + (-77)/(-14)). Let g be (w + -4)/(-19 + 18). Let v(n) = 1 + n - g + 3 - 2*n**2. Give v(3).
-16
Let r(o) = o**2 + 12*o - 5. Suppose 3*k - 15 = -3*p, -6 = 3*k + p - 11. Suppose k = 287*n - 300*n - 156. What is r(n)?
-5
Let j(s) be the second derivative of 0*s**3 - 1/720*s**6 + 0*s**2 + 41/12*s**4 + 3*s - 1/24*s**5 + 1. Let l(c) be the third derivative of j(c). Calculate l(-6).
1
Let k(j) = 3*j**2 - 9*j - 34. Let r(u) = -5*u**2 + 19*u + 62. Let f(i) = 7*k(i) + 4*r(i). Suppose -8*s + 5*s - 36 = 0. Calculate f(s).
-2
Let r(s) = -1. Let m(b) = -1. Let h(x) = -x - 3. Let z(t) = h(t) - 3*m(t). Let a(i) = r(i) + z(i). Suppose -37*k = -41*k - 24. What is a(k)?
5
Let j(s) = -s**2. Let v(k) = k - 1. Let c be v(5). Suppose 5*o + 26 = c*i, 2*o + 2*o = i - 12. Determine j(i).
-16
Let y(d) be the third derivative of -7*d**4/24 + d**3/3 - 2*d**2. Let b(t) = -3*t**3 - 490*t**2 - 3288*t - 31. Let g be b(-7). Calculate y(g).
-26
Let q(o) = -o**3 - 31*o**2 - 31*o - 74. Let n(y) = y**3 + 32*y**2 + 31*y + 75. Let b(i) = 2*n(i) + 3*q(i). Calculate b(-28).
12
Let g(n) be the third derivative of 9*n**4/8 + 29*n**3/3 - 8118*n**2. Calculate g(-2).
4
Let r = -38 - -28. Let f(u) = u**2 + 10*u. Let s be f(r). Let b(p) = 3*p - 3. Let y(m) = m - 1. Let k(g) = -3*b(g) + 8*y(g). Determine k(s).
1
Let v(q) be the third derivative of 238*q**2 - 3/20*q**5 + 0 + 11/6*q**3 + 0*q + 1/3*q**4 + 1/120*q**6. Determine v(8).
11
Let w(p) = -149*p**2 + 53*p**2 + 9 - p + 47*p**2 + 16*p + 50*p**2. Calculate w(-10).
-41
Suppose 5*i + 4*r = -15, -2*i - 2019*r = -2016*r + 13. Let d(x) = -17*x + 4. Let h(o) = -494*o + 117. Let g(l) = -117*d(l) + 4*h(l). Calculate g(i).
13
Let m(w) = w - 9. Suppose -126*j + 123*j = 0. Let n(p) = -10*p - 42. Let k be n(j). Let t = 51 + k. What is m(t)?
0
Let b(u) = 37*u**3 + u**2 - u - 2. Let w be (-1)/2*(87 - 85). Determine b(w).
-37
Let p(b) = -25*b**2 + 9*b + 5. Let v(n) = -12*n**2 + 5*n + 3. Let f(y) = -5*p(y) + 9*v(y). Give f(1).
19
Let t(c) be the third derivative of c**6/120 + c**5/60 + c**4/24 - c**3 - 378*c**2. Let m(a) = a**3 - a**2 + 0*a**2 + 0*a**2. Let k be m(0). Give t(k).
-6
Let s(j) = -8*j + 2. Suppose 3*a + 39 - 14 = -2*v, 4*v = 4*a. Give s(v).
42
Let l(o) = -o**2 + 11*o + 1. Suppose 0 = q + 4*s - 13, q = 3*q - 3*s - 4. Suppose -54 = -q*b - 2*d - 2*d, 0 = -3*b + 4*d + 26. Calculate l(b).
11
Let t(x) = -9*x - 1. Suppose -2*l - 5*s + 12 = 0, -6*l + 24 = -2*l + s. Let b(p) = 11*p + 2. Let y(u) = l*t(u) + 5*b(u). Give y(-4).
0
Let w(u) be the third derivative of -1/3*u**3 - 82*u**2 + 1/10*u**5 - 1/12*u**4 + 0 + 0*u. What is w(2)?
18
Let h be (-1075 - -1)/((-171)/114). Let v = h + -711. Let g(k) = -k**2 + 3*k + 3. What is g(v)?
-7
Let k(s) be the first derivative of -s**3 - 51*s**2/2 + 2*s - 7823. Calculate k(-18).
-52
Let u(f) = -4*f**2 - 5*f + 4. Suppose 4*m + 4*o = 0, 4*o = m + 2*m + 14. Let r(j) = -2*j**2 - 3*j + 1. Let n(v) = m*u(v) + 5*r(v). Determine n(-3).
-6
Let a = 5427 + -5427. Let o(x) = x + 15. What is o(a)?
15
Let b = 311 - 311. Let m be (-5)/(10/(-3))*2. Let s(f) = -f**m - 3*f + 10 - 3*f**2 - 7 + b*f**3. Calculate s(-3).
12
Let i(z) = -5 - 9*z**2 + 0 + 1 + 770*z**3 - 4 - 771*z**3 - 7*z. Calculate i(-8).
-16
Suppose 4*u + 7 = 3*u. Let w(m) = 6*m**3 + 8*m**2 + 8*m. Let n(k) = -11*k**3 - 15*k**2 - 14*k. Let g(l) = u*w(l) - 4*n(l). Give g(-3).
-18
Let u(m) = 3*m**2 - 22*m + 9. Let s(f) = 2*f**2 - 13*f + 6. Let y(w) = 8*s(w) - 5*u(w). Let a(v) = -v**2 - 7*v - 12. Let c be a(-6). Calculate y(c).
3
Let j(u) be the first derivative of 31*u**3/3 + 3*u**2 + 6*u - 4242. Give j(-1).
31
Let b(r) = 37*r**2 - 13*r - 25. Let a(n) = -26*n**2 + 6*n + 17. Let o(p) = 7*a(p) + 5*b(p). What is o(8)?
2
Let n(v) = -1496 + 0*v - v + 1497 + v**2. Let l(y) = -3*y**2 + 10*y - 14. Let j(f) = l(f) + 4*n(f). Determine j(-8).
6
Let o be (-1)/(-4) + (-26)/8. Let r(v) be the third derivative of -v**4/24 - 7*v**3/6 - 14*v**2 - 1819*v. Calculate r(o).
-4
Let m(c) = c - 1.